9*k**4/8 + k**3/2 - 17*k**2. Let g be n(3). Suppose 0 = -5*b + 8*b - g. List the prime factors of b.
2, 11
Suppose 51845 - 16850 = 5*v. What are the prime factors of v?
3, 2333
Let q(j) be the third derivative of -29*j**4/12 - 47*j**3/3 + 169*j**2. List the prime factors of q(-14).
2, 359
Let k = 136 + -134. What are the prime factors of (k - 1476/(-20))/((-3)/(-15))?
379
Let t = 111 - 107. List the prime factors of 2234/14 + (-18)/(-168)*t.
2, 5
Let d(n) = n - 9. Let t be d(4). Let g(c) = c**3 - c**2. Let l(b) = 2*b**3 + 2*b**2 + b + 3. Let u(m) = g(m) - l(m). List the prime factors of u(t).
2, 13
Let x(w) = -4*w + 39. Let p be x(12). List the prime factors of (p + -3)*(-358)/8.
3, 179
Let w(z) = -62*z + 92. Suppose 5*r = 2*f - 66, -r - 20 = -f + 4*f. List the prime factors of w(r).
2, 3, 5
Suppose -5*j = 4*w - 2*w - 1211, -4*w = 5*j - 2397. What are the prime factors of 34 + -33 + w + -2?
2, 37
Let m be 4 + -1 + 8 + -2. Suppose 0 = 10*b - m*b - 3. Suppose b*i + 134 = 362. List the prime factors of i.
2, 19
Let q(o) be the third derivative of -7*o**4/24 + 121*o**3/6 - 113*o**2. What are the prime factors of q(9)?
2, 29
Suppose 34*t = 33*t. List the prime factors of (-8)/(88/(-11)) - (-277 - t).
2, 139
Suppose -421*w = 26*w - 24336975 - 6565029. List the prime factors of w.
2, 3, 7, 823
Let j = -43767 + 63428. List the prime factors of j.
19661
Let z(k) = -18*k + 3035. What are the prime factors of z(57)?
7, 41
Suppose -u + 6 = -4*u - 3*k, -4*u - 4 = 3*k. Let j be (5 + -3)*479/u. Let c = j + -301. What are the prime factors of c?
2, 89
Let x(b) = -307*b - 591. What are the prime factors of x(-28)?
5, 1601
Suppose 51*j + 45604 = 64*j. Suppose 3*m = -4*k + j, 5304 = 5*k - 3*m + 919. List the prime factors of k.
877
Let a(r) = -r + 3*r**3 + 21 + 6*r - 29*r**2 - 4*r - 4*r - r. What are the prime factors of a(10)?
3
Let y = 698 + -1350. Let s = -385 - y. What are the prime factors of s?
3, 89
Suppose -77 = -6*v - 29. List the prime factors of (60/2)/(2/v).
2, 3, 5
Let w = -40 + 50. Let f be 45/w*(-64)/6. List the prime factors of 16/f + (-91)/(-3).
2, 3, 5
Suppose 0 = -s - 4*u + 3*u + 63, 0 = -5*s - 4*u + 316. Suppose 63*n = s*n + 2*t - 228, -4*t - 1182 = -5*n. List the prime factors of n.
2, 3, 13
Let f = -4564 + 7070. What are the prime factors of f?
2, 7, 179
Let n be (-8108)/5*(75/(-6) - -10). Suppose 4*p - 8104 = -4*g, 2*p = -12*g + 11*g + n. What are the prime factors of p?
2, 3, 13
Suppose -4*n + 0*n = 1064. Let i = n - -569. What are the prime factors of i?
3, 101
Let d(m) = 13*m - 44. Let o be d(5). Suppose -46*j + 12400 = -o*j. List the prime factors of j.
2, 31
Let s be (2/3 - 1)/((-106)/1590). Let l(f) = 8*f**3 + 4*f**2 + 5*f + 25. What are the prime factors of l(s)?
2, 5, 23
Let c = 332 - 327. Suppose -2*t - c*g + 3 = -8, -3*g = -4*t + 9. List the prime factors of t.
3
Let w = -3 - 30. Let j = w - -200. List the prime factors of j.
167
Let c = 103 - 99. Suppose -4*q = -f + 932, c*q = -0*f - 4*f - 912. Let x = -89 - q. List the prime factors of x.
11, 13
Let s(k) = k**3 - 7*k**2 + 15*k - 52. Let y be s(6). Suppose v - 1472 = -5*r, 5*v - y*v + 5*r - 4366 = 0. List the prime factors of v.
1447
Let g = -5 - -11. Let b be (-1)/g + 6267/18. List the prime factors of b/30 - 4/(-10).
2, 3
Let z = 24441 + -1413. List the prime factors of z.
2, 3, 19, 101
Let w = 236 - 239. List the prime factors of 763 - (0 + (w - -2)).
2, 191
Let o(u) = -71*u - 1. Let k be o(-11). Suppose -2990 = -10*p + k. List the prime factors of p.
13, 29
Let l = -8198 - -8540. Let z = 56 - 253. Let d = z + l. What are the prime factors of d?
5, 29
Let s be (4/(-6)*3)/((-4)/(-22)). Let h be (-33)/s*2/(-6). List the prime factors of (13 - 14)*183*h.
3, 61
Suppose -f - 3*y + 83 = -3*f, -136 = 4*f + 4*y. Let j = 40 + f. Suppose 9 = j*i - 4*c - 9, 4*c = -i + 6. List the prime factors of i.
2, 3
Suppose q - 275 = 5*w + 9, -w - 264 = -q. Suppose -287 = 6*u + q. Let i = 59 - u. List the prime factors of i.
2, 3, 5
Let b = 61449 - 41253. List the prime factors of b.
2, 3, 11, 17
Let d = -29213 + 41545. List the prime factors of d.
2, 3083
Let q(i) = -i**3 - i**2 + 9*i - 1. Suppose 35 = -8*t + 3*t. Let k be q(t). Suppose -a = -2*v + 73, -5*v - 4*a + k - 15 = 0. What are the prime factors of v?
3, 13
List the prime factors of 2653684/1640 + 2/(-20).
2, 809
List the prime factors of (298/42 + 2/(-21) + 0)*1405.
5, 7, 281
Let w be (-6)/(-9) + 40/12. Suppose -3*t + w*z = -471 - 1595, -3*z = 15. List the prime factors of t.
2, 11, 31
Suppose 5*x = a - 1836, 50*x - 1804 = -a + 47*x. What are the prime factors of a?
2, 227
Let w(n) = 3*n**2 - 5*n + 5. Suppose 2 = x, -y = 4*y + 4*x - 58. Let r be w(y). Let a = -147 + r. What are the prime factors of a?
2, 3
Let c(q) = 5*q**2 + 15*q + 20. Let o be c(-5). What are the prime factors of (-5600)/o*18/(-5)?
2, 3
Let y(s) = 9*s - 34. Let x(a) = -10*a + 33. Let b(c) = -5*x(c) - 4*y(c). Let n be 2/(-8) + 87/12. What are the prime factors of b(n)?
3, 23
Let m be 15*1 - (15 - 18). Suppose -115 = -13*g + m*g. List the prime factors of ((-4)/(-6))/(2/g)*-12.
2, 23
Suppose 2*a + 2*j = -0*a + 6, -4*a + 11 = 5*j. Suppose 0 = -5*s + y + 2560, 3*s + a*y - 2*y - 1523 = 0. What are the prime factors of s?
7, 73
Let s(o) = 17*o + 630. Let z be s(-5). Let g be 5 - 1 - (-1 + 0). Suppose 70 = g*q - z. List the prime factors of q.
3, 41
Suppose -7*b + 5*b = -34. Suppose -10*v - b = -57. Suppose -v*y - i + 54 = 0, -2*i + 23 = 3*y - 15. List the prime factors of y.
2, 7
Suppose -44*s - 11479 = -124867. List the prime factors of s.
3, 859
Suppose 0 = 3*i + 6, -i - 65289 = -3*m - 4*i. List the prime factors of m.
3, 5, 1451
Suppose 3*q + 4 = -u - 0, u = 3*q + 8. Let j be (-1)/(-1*(-1 - q)). What are the prime factors of 0 + 2 + 83 - j?
2, 3, 7
Suppose -274 = -44*c + 43*c. Let t = c - -928. What are the prime factors of t?
2, 601
Let o = -9325 + 11427. List the prime factors of o.
2, 1051
Suppose -5*i - 2*w = -34, -5 = 5*i - 5*w - 25. Suppose i*u - 60 = 2*u. List the prime factors of 20/u*(-75)/(-10).
2, 5
Let k be (-2)/(-7) + (-6)/(378/(-64431)). Suppose -457 - k = -j. List the prime factors of j.
2, 5, 37
Suppose 0 = -7661*y + 7646*y + 149475. What are the prime factors of y?
5, 1993
Suppose 5007*d - 4976*d - 852686 = 0. What are the prime factors of d?
2, 17, 809
Let i(t) = -2*t**3 + 115*t**2 - 182*t - 159. What are the prime factors of i(52)?
3, 19, 353
What are the prime factors of (0 - -388)/(98/11564) + -3?
17, 2693
Let a = -78 - 149. Let p(b) = -104*b + 70. Let t be p(-3). Let u = a + t. What are the prime factors of u?
5, 31
Let z(c) = -c**3 - 2*c**2 + 18*c + 17. Let j(a) = a - 5. Let s be j(-7). What are the prime factors of z(s)?
17, 73
Let y(r) = 3*r**3 - 9*r**2 - 40*r + 675. What are the prime factors of y(25)?
5, 1637
Let t = 6416 + -2907. What are the prime factors of t?
11, 29
Let t(a) = 151*a - 103. Let y be t(8). Let s = y - 556. List the prime factors of s.
3, 61
Suppose -3*j - 1951 = 1196. Let c = j + 1865. List the prime factors of c.
2, 3, 17
Suppose 25*y = 13*y - 4*y + 186432. What are the prime factors of y?
2, 3, 971
Suppose -2*r - 16 = -6*r. Let q be (0/(-4))/(r + -2). Suppose q = -8*s + 3*s + 390. What are the prime factors of s?
2, 3, 13
Let s = 330 - 338. List the prime factors of (s/(-4) - 30)/(4/(-68)).
2, 7, 17
Let m(h) = -h**2. Let l(n) = 2*n**2 + 2*n + 85. Let f(s) = 7*s - 13. Let p be f(2). Let z(a) = p*l(a) + 3*m(a). What are the prime factors of z(0)?
5, 17
What are the prime factors of (5 - (-6 - (0 + -9))) + 5521?
3, 7, 263
Let c = -3153 - -7452. List the prime factors of c.
3, 1433
Let u = 41 + -43. List the prime factors of 410 - (56/72 - u/9).
409
Let f be ((-1)/2)/(4/(-16)). Suppose -244 - 892 = -8*p. Suppose -3*b = 2*g - b - p, g - f*b - 74 = 0. List the prime factors of g.
2, 3
Suppose -2*o + 3*q = -18853 - 11890, -2*o = 2*q - 30738. List the prime factors of o.
2, 5, 29, 53
Let b be (-3)/((-4)/32*-6) + 2. Let h(i) = 100*i**2 + 13*i + 3. What are the prime factors of h(b)?
13, 29
Let r(p) = 14 - 3*p - 21 + 0*p**2 - 3*p**2 + 9. Let g be r(-3). Let c = 31 + g. What are the prime factors of c?
3, 5
Let r be 2713 + (-2 - 4) + 8. Suppose 0 = -2*z - 0*o - 3*o + r, 4*z = 2*o + 5422. List the prime factors of z.
2, 3, 113
Let q